{"id":15,"date":"2010-08-19T19:47:55","date_gmt":"2010-08-19T19:47:55","guid":{"rendered":"http:\/\/folepervier.xyz\/?page_id=15"},"modified":"2023-08-29T20:52:02","modified_gmt":"2023-08-29T20:52:02","slug":"nos-amis","status":"publish","type":"page","link":"https:\/\/www.folepervier.xyz\/?page_id=15","title":{"rendered":"Nos amis"},"content":{"rendered":"<p><span style=\"color: #000000;\">*** Artisans<\/span><\/p>\n<p><span style=\"color: #333399;\"><a style=\"color: #333399;\" href=\"http:\/\/elsa-millet.com\/\">Elsa Millet &#8211; Enluminure, Calligraphie, Illustration<\/a><\/span><\/p>\n<p><span style=\"color: #333399;\"><a style=\"color: #333399;\" href=\"https:\/\/www.facebook.com\/enluminures\/\"><span style=\"text-decoration: underline;\">Marina Le Dorner &#8211; Enluminure, Reliure M\u00e9di\u00e9vale et Classique<\/span><\/a><\/span><\/p>\n<p><span style=\"color: #333399;\"><a style=\"color: #333399;\" href=\"https:\/\/www.mavillemonshopping.fr\/fr\/herbignac\/boutiques\/atelier-miss-terre-1\">Atelier Miss&rsquo;terre<\/a><\/span><\/p>\n<p><span style=\"color: #000000;\">*** Troupes de reconstitution<\/span><\/p>\n<p><span style=\"color: #333399;\"><a style=\"color: #333399;\" href=\"https:\/\/militespagenses.jimdo.com\/\">Milites Pagenses &#8211; XIIe si\u00e8cle<\/a><\/span><\/p>\n<p><span style=\"color: #333399;\"><a style=\"color: #333399;\" href=\"https:\/\/www.facebook.com\/ConfrerieDeCoetquen\/?locale=fr_FR\">La Confr\u00e9rie de Co\u00ebtquen &#8211; XIIIe si\u00e8cle<\/a><\/span><\/p>\n<p><span style=\"color: #333399;\"><a style=\"color: #333399;\" href=\"https:\/\/www.alliancedeslionsdanjou.fr\/\">L&rsquo;Alliance des Lions d&rsquo;Anjou &#8211; XVe si\u00e8cle<\/a><\/span><\/p>\n\n\n<p><\/p>\n","protected":false},"excerpt":{"rendered":"<p>*** Artisans Elsa Millet &#8211; Enluminure, Calligraphie, Illustration Marina Le Dorner &#8211; Enluminure, Reliure M\u00e9di\u00e9vale et Classique Atelier Miss&rsquo;terre *** Troupes de reconstitution Milites Pagenses &#8211; XIIe si\u00e8cle La Confr\u00e9rie de Co\u00ebtquen &#8211; XIIIe si\u00e8cle L&rsquo;Alliance des Lions d&rsquo;Anjou &#8211; XVe si\u00e8cle<\/p>\n","protected":false},"author":1,"featured_media":0,"parent":0,"menu_order":0,"comment_status":"open","ping_status":"open","template":"","meta":{"footnotes":""},"class_list":["post-15","page","type-page","status-publish","hentry"],"_links":{"self":[{"href":"https:\/\/www.folepervier.xyz\/index.php?rest_route=\/wp\/v2\/pages\/15","targetHints":{"allow":["GET"]}}],"collection":[{"href":"https:\/\/www.folepervier.xyz\/index.php?rest_route=\/wp\/v2\/pages"}],"about":[{"href":"https:\/\/www.folepervier.xyz\/index.php?rest_route=\/wp\/v2\/types\/page"}],"author":[{"embeddable":true,"href":"https:\/\/www.folepervier.xyz\/index.php?rest_route=\/wp\/v2\/users\/1"}],"replies":[{"embeddable":true,"href":"https:\/\/www.folepervier.xyz\/index.php?rest_route=%2Fwp%2Fv2%2Fcomments&post=15"}],"version-history":[{"count":30,"href":"https:\/\/www.folepervier.xyz\/index.php?rest_route=\/wp\/v2\/pages\/15\/revisions"}],"predecessor-version":[{"id":943,"href":"https:\/\/www.folepervier.xyz\/index.php?rest_route=\/wp\/v2\/pages\/15\/revisions\/943"}],"wp:attachment":[{"href":"https:\/\/www.folepervier.xyz\/index.php?rest_route=%2Fwp%2Fv2%2Fmedia&parent=15"}],"curies":[{"name":"wp","href":"https:\/\/api.w.org\/{rel}","templated":true}]}}