{"id":23,"date":"2010-08-19T19:53:58","date_gmt":"2010-08-19T19:53:58","guid":{"rendered":"http:\/\/folepervier.xyz\/?page_id=23"},"modified":"2023-08-29T20:20:55","modified_gmt":"2023-08-29T20:20:55","slug":"nos-activites-2","status":"publish","type":"page","link":"https:\/\/www.folepervier.xyz\/?page_id=23","title":{"rendered":"La compagnie"},"content":{"rendered":"<p style=\"text-align: center;\"><a href=\"http:\/\/folepervier.xyz\/wp-content\/uploads\/2013\/07\/Icone-Fol-Epervier.jpg\"><img loading=\"lazy\" decoding=\"async\" class=\"aligncenter wp-image-576\" src=\"http:\/\/folepervier.xyz\/wp-content\/uploads\/2013\/07\/Icone-Fol-Epervier.jpg\" alt=\"Icone-Fol-Epervier\" width=\"201\" height=\"292\" srcset=\"https:\/\/www.folepervier.xyz\/wp-content\/uploads\/2013\/07\/Icone-Fol-Epervier.jpg 451w, https:\/\/www.folepervier.xyz\/wp-content\/uploads\/2013\/07\/Icone-Fol-Epervier-206x300.jpg 206w\" sizes=\"auto, (max-width: 201px) 100vw, 201px\" \/><\/a><\/p>\n<p style=\"text-align: center;\"><em>D\u2019argent et de sable, agr\u00e9ment\u00e9 de gueules, le blason de la compagnie castelbriantaise n\u2019est pas sans rappeler les couleurs de du Guesclin. Le Fol Epervier est en effet une troupe bretonne, qui a choisi de se plonger dans la p\u00e9riode 1340-1380,\u00a0si riche en \u00e9v\u00e9nements pour le duch\u00e9 de Bretagne en pleine guerre de succession.<\/em><\/p>\n<p><span style=\"color: #ffffff;\">000<\/span> En ces temps troubl\u00e9s, l\u2019\u00e9pervier est un petit oiseau de proie agile et d\u00e9brouillard. Son chapeau de bouffon vient parfaire l\u2019esprit de ce groupe, compos\u00e9 de personnes de divers horizons, r\u00e9unis par leur passion commune\u00a0: les joyeuseries du Moyen-Age. Au beau milieu des Marches de Bretagne, cette compagnie anim\u00e9e par l\u2019amiti\u00e9 et la bonne humeur, fait partager ses connaissances, tant artisanales, culinaires que militaires.<\/p>\n","protected":false},"excerpt":{"rendered":"<p>D\u2019argent et de sable, agr\u00e9ment\u00e9 de gueules, le blason de la compagnie castelbriantaise n\u2019est pas sans rappeler les couleurs de du Guesclin. Le Fol Epervier est en effet une troupe bretonne, qui a choisi de se plonger dans la p\u00e9riode 1340-1380,\u00a0si riche en \u00e9v\u00e9nements pour le duch\u00e9 de Bretagne en pleine guerre de succession. 000 &hellip; <a href=\"https:\/\/www.folepervier.xyz\/?page_id=23\" class=\"more-link\">Continuer la lecture de <span class=\"screen-reader-text\">La compagnie<\/span>  <span class=\"meta-nav\">&rarr;<\/span><\/a><\/p>\n","protected":false},"author":1,"featured_media":0,"parent":0,"menu_order":0,"comment_status":"open","ping_status":"open","template":"","meta":{"footnotes":""},"class_list":["post-23","page","type-page","status-publish","hentry"],"_links":{"self":[{"href":"https:\/\/www.folepervier.xyz\/index.php?rest_route=\/wp\/v2\/pages\/23","targetHints":{"allow":["GET"]}}],"collection":[{"href":"https:\/\/www.folepervier.xyz\/index.php?rest_route=\/wp\/v2\/pages"}],"about":[{"href":"https:\/\/www.folepervier.xyz\/index.php?rest_route=\/wp\/v2\/types\/page"}],"author":[{"embeddable":true,"href":"https:\/\/www.folepervier.xyz\/index.php?rest_route=\/wp\/v2\/users\/1"}],"replies":[{"embeddable":true,"href":"https:\/\/www.folepervier.xyz\/index.php?rest_route=%2Fwp%2Fv2%2Fcomments&post=23"}],"version-history":[{"count":57,"href":"https:\/\/www.folepervier.xyz\/index.php?rest_route=\/wp\/v2\/pages\/23\/revisions"}],"predecessor-version":[{"id":923,"href":"https:\/\/www.folepervier.xyz\/index.php?rest_route=\/wp\/v2\/pages\/23\/revisions\/923"}],"wp:attachment":[{"href":"https:\/\/www.folepervier.xyz\/index.php?rest_route=%2Fwp%2Fv2%2Fmedia&parent=23"}],"curies":[{"name":"wp","href":"https:\/\/api.w.org\/{rel}","templated":true}]}}