{"id":805,"date":"2019-01-02T21:05:19","date_gmt":"2019-01-02T21:05:19","guid":{"rendered":"http:\/\/www.folepervier.xyz\/?page_id=805"},"modified":"2023-08-29T20:31:10","modified_gmt":"2023-08-29T20:31:10","slug":"activites","status":"publish","type":"page","link":"https:\/\/www.folepervier.xyz\/?page_id=805","title":{"rendered":"Activit\u00e9s"},"content":{"rendered":"\n<p><em>Chacun des membres apportant ses propres connaissances, le Fol Epervier vous pr\u00e9sente un \u00e9chantillon de m\u00e9tiers et savoir-faire artisanaux pour certains m\u00e9connus &#8230;<br><\/em><\/p>\n\n\n\n<p>Cuisine au feu de bois,<\/p>\n\n\n\n<figure class=\"wp-block-image\"><a href=\"https:\/\/www.folepervier.xyz\/wp-content\/uploads\/2019\/01\/Cuisineweb.jpg\"><img loading=\"lazy\" decoding=\"async\" width=\"950\" height=\"768\" src=\"http:\/\/www.folepervier.xyz\/wp-content\/uploads\/2019\/01\/Cuisineweb.jpg\" alt=\"\" class=\"wp-image-822\" srcset=\"https:\/\/www.folepervier.xyz\/wp-content\/uploads\/2019\/01\/Cuisineweb.jpg 950w, https:\/\/www.folepervier.xyz\/wp-content\/uploads\/2019\/01\/Cuisineweb-300x243.jpg 300w, https:\/\/www.folepervier.xyz\/wp-content\/uploads\/2019\/01\/Cuisineweb-768x621.jpg 768w\" sizes=\"auto, (max-width: 950px) 100vw, 950px\" \/><\/a><\/figure>\n\n\n\n<p>Pr\u00e9paration de la laine, cardage,<\/p>\n\n\n\n<figure class=\"wp-block-image\"><a href=\"https:\/\/www.folepervier.xyz\/wp-content\/uploads\/2019\/01\/Cardageweb.jpg\"><img loading=\"lazy\" decoding=\"async\" width=\"960\" height=\"768\" src=\"http:\/\/www.folepervier.xyz\/wp-content\/uploads\/2019\/01\/Cardageweb.jpg\" alt=\"\" class=\"wp-image-829\" srcset=\"https:\/\/www.folepervier.xyz\/wp-content\/uploads\/2019\/01\/Cardageweb.jpg 960w, https:\/\/www.folepervier.xyz\/wp-content\/uploads\/2019\/01\/Cardageweb-300x240.jpg 300w, https:\/\/www.folepervier.xyz\/wp-content\/uploads\/2019\/01\/Cardageweb-768x614.jpg 768w\" sizes=\"auto, (max-width: 960px) 100vw, 960px\" \/><\/a><\/figure>\n\n\n\n<p>Filage,<\/p>\n\n\n\n<figure class=\"wp-block-image\"><a href=\"https:\/\/www.folepervier.xyz\/wp-content\/uploads\/2019\/01\/Filageweb.jpg\"><img loading=\"lazy\" decoding=\"async\" width=\"977\" height=\"686\" src=\"http:\/\/www.folepervier.xyz\/wp-content\/uploads\/2019\/01\/Filageweb.jpg\" alt=\"\" class=\"wp-image-831\" srcset=\"https:\/\/www.folepervier.xyz\/wp-content\/uploads\/2019\/01\/Filageweb.jpg 977w, https:\/\/www.folepervier.xyz\/wp-content\/uploads\/2019\/01\/Filageweb-300x211.jpg 300w, https:\/\/www.folepervier.xyz\/wp-content\/uploads\/2019\/01\/Filageweb-768x539.jpg 768w\" sizes=\"auto, (max-width: 977px) 100vw, 977px\" \/><\/a><\/figure>\n\n\n\n<p>Tricot,<\/p>\n\n\n\n<figure class=\"wp-block-image\"><a href=\"https:\/\/www.folepervier.xyz\/wp-content\/uploads\/2019\/01\/Tricotweb.jpg\"><img loading=\"lazy\" decoding=\"async\" width=\"768\" height=\"967\" src=\"http:\/\/www.folepervier.xyz\/wp-content\/uploads\/2019\/01\/Tricotweb.jpg\" alt=\"\" class=\"wp-image-856\" srcset=\"https:\/\/www.folepervier.xyz\/wp-content\/uploads\/2019\/01\/Tricotweb.jpg 768w, https:\/\/www.folepervier.xyz\/wp-content\/uploads\/2019\/01\/Tricotweb-238x300.jpg 238w\" sizes=\"auto, (max-width: 768px) 100vw, 768px\" \/><\/a><\/figure>\n\n\n\n<p>Tissage,<\/p>\n\n\n\n<figure class=\"wp-block-image\"><a href=\"https:\/\/www.folepervier.xyz\/wp-content\/uploads\/2019\/01\/Tissageweb.jpg\"><img loading=\"lazy\" decoding=\"async\" width=\"920\" height=\"768\" src=\"http:\/\/www.folepervier.xyz\/wp-content\/uploads\/2019\/01\/Tissageweb.jpg\" alt=\"\" class=\"wp-image-833\" srcset=\"https:\/\/www.folepervier.xyz\/wp-content\/uploads\/2019\/01\/Tissageweb.jpg 920w, https:\/\/www.folepervier.xyz\/wp-content\/uploads\/2019\/01\/Tissageweb-300x250.jpg 300w, https:\/\/www.folepervier.xyz\/wp-content\/uploads\/2019\/01\/Tissageweb-768x641.jpg 768w\" sizes=\"auto, (max-width: 920px) 100vw, 920px\" \/><\/a><\/figure>\n\n\n\n<p>Feutrage,<\/p>\n\n\n\n<figure class=\"wp-block-image\"><a href=\"https:\/\/www.folepervier.xyz\/wp-content\/uploads\/2010\/08\/3.jpg\"><img loading=\"lazy\" decoding=\"async\" width=\"890\" height=\"768\" src=\"http:\/\/www.folepervier.xyz\/wp-content\/uploads\/2010\/08\/3.jpg\" alt=\"3\" class=\"wp-image-650\" srcset=\"https:\/\/www.folepervier.xyz\/wp-content\/uploads\/2010\/08\/3.jpg 890w, https:\/\/www.folepervier.xyz\/wp-content\/uploads\/2010\/08\/3-300x259.jpg 300w\" sizes=\"auto, (max-width: 890px) 100vw, 890px\" \/><\/a><\/figure>\n\n\n\n<p>Fabrication de bougies,<\/p>\n\n\n\n<figure class=\"wp-block-image size-large\"><img loading=\"lazy\" decoding=\"async\" width=\"784\" height=\"826\" src=\"http:\/\/www.folepervier.xyz\/wp-content\/uploads\/2019\/12\/Bougies.jpg\" alt=\"\" class=\"wp-image-916\" srcset=\"https:\/\/www.folepervier.xyz\/wp-content\/uploads\/2019\/12\/Bougies.jpg 784w, https:\/\/www.folepervier.xyz\/wp-content\/uploads\/2019\/12\/Bougies-285x300.jpg 285w, https:\/\/www.folepervier.xyz\/wp-content\/uploads\/2019\/12\/Bougies-768x809.jpg 768w\" sizes=\"auto, (max-width: 784px) 100vw, 784px\" \/><\/figure>\n\n\n\n<p>Travail du cuir,<\/p>\n\n\n\n<figure class=\"wp-block-image\"><a href=\"https:\/\/www.folepervier.xyz\/wp-content\/uploads\/2019\/01\/Cuirweb.jpg\"><img loading=\"lazy\" decoding=\"async\" width=\"1024\" height=\"765\" src=\"http:\/\/www.folepervier.xyz\/wp-content\/uploads\/2019\/01\/Cuirweb-1024x765.jpg\" alt=\"\" class=\"wp-image-857\" srcset=\"https:\/\/www.folepervier.xyz\/wp-content\/uploads\/2019\/01\/Cuirweb.jpg 1024w, https:\/\/www.folepervier.xyz\/wp-content\/uploads\/2019\/01\/Cuirweb-300x224.jpg 300w, https:\/\/www.folepervier.xyz\/wp-content\/uploads\/2019\/01\/Cuirweb-768x574.jpg 768w\" sizes=\"auto, (max-width: 1024px) 100vw, 1024px\" \/><\/a><\/figure>\n\n\n\n<p>Confection de Cottes de Mailles,<\/p>\n\n\n\n<figure class=\"wp-block-image\"><a href=\"https:\/\/www.folepervier.xyz\/wp-content\/uploads\/2010\/08\/Maille.jpg\"><img loading=\"lazy\" decoding=\"async\" width=\"777\" height=\"690\" src=\"http:\/\/www.folepervier.xyz\/wp-content\/uploads\/2010\/08\/Maille.jpg\" alt=\"\" class=\"wp-image-785\" srcset=\"https:\/\/www.folepervier.xyz\/wp-content\/uploads\/2010\/08\/Maille.jpg 777w, https:\/\/www.folepervier.xyz\/wp-content\/uploads\/2010\/08\/Maille-300x266.jpg 300w, https:\/\/www.folepervier.xyz\/wp-content\/uploads\/2010\/08\/Maille-768x682.jpg 768w\" sizes=\"auto, (max-width: 777px) 100vw, 777px\" \/><\/a><\/figure>\n\n\n\n<p>Pr\u00e9sentation d&rsquo;instruments de musique m\u00e9di\u00e9vaux,<\/p>\n\n\n\n<figure class=\"wp-block-image size-large\"><img loading=\"lazy\" decoding=\"async\" width=\"1024\" height=\"768\" src=\"https:\/\/www.folepervier.xyz\/wp-content\/uploads\/2023\/08\/20230508_114435-1-1024x768.jpg\" alt=\"\" class=\"wp-image-927\" srcset=\"https:\/\/www.folepervier.xyz\/wp-content\/uploads\/2023\/08\/20230508_114435-1-1024x768.jpg 1024w, https:\/\/www.folepervier.xyz\/wp-content\/uploads\/2023\/08\/20230508_114435-1-300x225.jpg 300w, https:\/\/www.folepervier.xyz\/wp-content\/uploads\/2023\/08\/20230508_114435-1-768x576.jpg 768w, https:\/\/www.folepervier.xyz\/wp-content\/uploads\/2023\/08\/20230508_114435-1.jpg 1291w\" sizes=\"auto, (max-width: 1024px) 100vw, 1024px\" \/><\/figure>\n\n\n\n<p>Participation aux combats,<\/p>\n\n\n\n<figure class=\"wp-block-image\"><a href=\"https:\/\/www.folepervier.xyz\/wp-content\/uploads\/2010\/08\/v9.jpg\"><img loading=\"lazy\" decoding=\"async\" width=\"946\" height=\"768\" src=\"http:\/\/www.folepervier.xyz\/wp-content\/uploads\/2010\/08\/v9.jpg\" alt=\"v9\" class=\"wp-image-648\" srcset=\"https:\/\/www.folepervier.xyz\/wp-content\/uploads\/2010\/08\/v9.jpg 946w, https:\/\/www.folepervier.xyz\/wp-content\/uploads\/2010\/08\/v9-300x244.jpg 300w\" sizes=\"auto, (max-width: 946px) 100vw, 946px\" \/><\/a><\/figure>\n","protected":false},"excerpt":{"rendered":"<p>Chacun des membres apportant ses propres connaissances, le Fol Epervier vous pr\u00e9sente un \u00e9chantillon de m\u00e9tiers et savoir-faire artisanaux pour certains m\u00e9connus &#8230; Cuisine au feu de bois, Pr\u00e9paration de la laine, cardage, Filage, Tricot, Tissage, Feutrage, Fabrication de bougies, Travail du cuir, Confection de Cottes de Mailles, Pr\u00e9sentation d&rsquo;instruments de musique m\u00e9di\u00e9vaux, Participation aux &hellip; <a href=\"https:\/\/www.folepervier.xyz\/?page_id=805\" class=\"more-link\">Continuer la lecture de <span class=\"screen-reader-text\">Activit\u00e9s<\/span>  <span class=\"meta-nav\">&rarr;<\/span><\/a><\/p>\n","protected":false},"author":1,"featured_media":0,"parent":0,"menu_order":0,"comment_status":"closed","ping_status":"closed","template":"","meta":{"footnotes":""},"class_list":["post-805","page","type-page","status-publish","hentry"],"_links":{"self":[{"href":"https:\/\/www.folepervier.xyz\/index.php?rest_route=\/wp\/v2\/pages\/805","targetHints":{"allow":["GET"]}}],"collection":[{"href":"https:\/\/www.folepervier.xyz\/index.php?rest_route=\/wp\/v2\/pages"}],"about":[{"href":"https:\/\/www.folepervier.xyz\/index.php?rest_route=\/wp\/v2\/types\/page"}],"author":[{"embeddable":true,"href":"https:\/\/www.folepervier.xyz\/index.php?rest_route=\/wp\/v2\/users\/1"}],"replies":[{"embeddable":true,"href":"https:\/\/www.folepervier.xyz\/index.php?rest_route=%2Fwp%2Fv2%2Fcomments&post=805"}],"version-history":[{"count":12,"href":"https:\/\/www.folepervier.xyz\/index.php?rest_route=\/wp\/v2\/pages\/805\/revisions"}],"predecessor-version":[{"id":928,"href":"https:\/\/www.folepervier.xyz\/index.php?rest_route=\/wp\/v2\/pages\/805\/revisions\/928"}],"wp:attachment":[{"href":"https:\/\/www.folepervier.xyz\/index.php?rest_route=%2Fwp%2Fv2%2Fmedia&parent=805"}],"curies":[{"name":"wp","href":"https:\/\/api.w.org\/{rel}","templated":true}]}}